?
3
Calculate the remainder when 30733 is divided by 488.
477
Calculate the remainder when 24429 is divided by 8086.
171
What is the remainder when 1834 is divided by 61?
4
What is the remainder when 131510 is divided by 43831?
17
What is the remainder when 2661 is divided by 2628?
33
Calculate the remainder when 69076 is divided by 139.
132
What is the remainder when 92706 is divided by 30?
6
What is the remainder when 1028479 is divided by 30?
19
What is the remainder when 14755 is divided by 178?
159
Calculate the remainder when 6379 is divided by 1437.
631
Calculate the remainder when 13854 is divided by 13848.
6
Calculate the remainder when 53282 is divided by 96.
2
Calculate the remainder when 26827 is divided by 61.
48
What is the remainder when 52972 is divided by 65?
62
Calculate the remainder when 2908 is divided by 306.
154
What is the remainder when 419248 is divided by 9?
1
What is the remainder when 10060 is divided by 265?
255
What is the remainder when 10751 is divided by 10603?
148
Calculate the remainder when 962917 is divided by 724.
721
Calculate the remainder when 464507 is divided by 44.
43
Calculate the remainder when 312587 is divided by 35.
2
What is the remainder when 41128 is divided by 19?
12
What is the remainder when 90429 is divided by 144?
141
What is the remainder when 69810 is divided by 8724?
18
What is the remainder when 10370 is divided by 2590?
10
Calculate the remainder when 643019 is divided by 433.
14
Calculate the remainder when 546552 is divided by 117.
45
Calculate the remainder when 987 is divided by 290.
117
Calculate the remainder when 63190 is divided by 65.
10
Calculate the remainder when 530 is divided by 151.
77
What is the remainder when 11266 is divided by 10349?
917
Calculate the remainder when 33708 is divided by 7.
3
What is the remainder when 1400 is divided by 27?
23
What is the remainder when 156480 is divided by 39102?
72
What is the remainder when 3826 is divided by 977?
895
What is the remainder when 101949 is divided by 216?
213
What is the remainder when 20963 is divided by 535?
98
What is the remainder when 6835 is divided by 76?
71
What is the remainder when 67805 is divided by 827?
818
What is the remainder when 4284 is divided by 422?
64
Calculate the remainder when 9700 is divided by 4841.
18
Calculate the remainder when 33687 is divided by 136.
95
What is the remainder when 280726 is divided by 670?
666
Calculate the remainder when 411135 is divided by 704.
703
Calculate the remainder when 328 is divided by 93.
49
What is the remainder when 13302 is divided by 41?
18
Calculate the remainder when 66471 is divided by 120.
111
What is the remainder when 25815 is divided by 8426?
537
Calculate the remainder when 7570 is divided by 108.
10
What is the remainder when 76838 is divided by 299?
294
What is the remainder when 1671 is divided by 1006?
665
Calculate the remainder when 9942 is divided by 15.
12
What is the remainder when 6470 is divided by 4785?
1685
Calculate the remainder when 5710 is divided by 939.
76
Calculate the remainder when 8016 is divided by 1000.
16
Calculate the remainder when 53716 is divided by 381.
376
Calculate the remainder when 52857 is divided by 236.
229
Calculate the remainder when 8150 is divided by 133.
37
What is the remainder when 65568 is divided by 32644?
280
Calculate the remainder when 4383 is divided by 978.
471
What is the remainder when 536 is divided by 210?
116
Calculate the remainder when 7882 is divided by 7772.
110
Calculate the remainder when 6896697 is divided by 1455.
1452
Calculate the remainder when 1748 is divided by 332.
88
What is the remainder when 1041583 is divided by 43399?
7
Calculate the remainder when 173175 is divided by 363.
24
Calculate the remainder when 3380 is divided by 1075.
155
What is the remainder when 283279 is divided by 287?
10
Calculate the remainder when 2167 is divided by 543.
538
What is the remainder when 201403 is divided by 50350?
3
What is the remainder when 1937926 is divided by 645973?
7
What is the remainder when 1576671 is divided by 23?
21
Calculate the remainder when 8672 is divided by 8653.
19
What is the remainder when 634 is divided by 271?
92
What is the remainder when 154475 is divided by 18?
17
What is the remainder when 38421 is divided by 541?
10
Calculate the remainder when 65128 is divided by 21701.
25
Calculate the remainder when 27559 is divided by 562.
21
Calculate the remainder when 6416 is divided by 6.
2
What is the remainder when 13178617 is divided by 70?
67
Calculate the remainder when 221997 is divided by 3041.
4
What is the remainder when 128668 is divided by 5?
3
What is the remainder when 15740 is divided by 3916?
76
Calculate the remainder when 112251 is divided by 844.
843
What is the remainder when 18596 is divided by 12?
8
What is the remainder when 19011 is divided by 164?
151
Calculate the remainder when 205210 is divided by 50.
10
Calculate the remainder when 12380 is divided by 1235.
30
Calculate the remainder when 55715 is divided by 18569.
8
Calculate the remainder when 543002 is divided by 194.
190
Calculate the remainder when 11100 is divided by 17.
16
Calculate the remainder when 23101 is divided by 3294.
43
Calculate the remainder when 252613 is divided by 10983.
4
Calculate the remainder when 8719 is divided by 2888.
55
Calculate the remainder when 23217 is divided by 258.
255
Calculate the remainder when 100562 is divided by 213.
26
What is the remainder when 207667 is divided by 27?
10
What is the remainder when 644 is divided by 579?
65
What is the remainder when 24680 is divided by 266?
208
What is the remainder when 228031 is divided by 169?
50
What is the remainder when 3647416 is divided by 20?
16
Calculate the remainder when 874824 is divided by 257.
253
Calculate the remainder when 664 is divided by 119.
69
What is the remainder when 3246 is divided by 509?
192
Calculate the remainder when 3237 is divided by 262.
93
Calculate the remainder when 9045 is divided by 44.
25
What is the remainder when 18584 is divided by 18541?
43
Calculate the remainder when 1461010 is divided by 638.
628
Calculate the remainder when 103564 is divided by 20706.
34
What is the remainder when 12139 is divided by 135?
124
Calculate the remainder when 18501 is divided by 47.
30
Calculate the remainder when 5806 is divided by 2900.
6
Calculate the remainder when 14657 is divided by 206.
31
What is the remainder when 373190 is divided by 686?
6
What is the remainder when 6743 is divided by 330?
143
What is the remainder when 7664 is divided by 1277?
2
What is the remainder when 2091 is divided by 87?
3
What is the remainder when 23677 is divided by 176?
93
Calculate the remainder when 338725 is divided by 52.
49
What is the remainder when 417731 is divided by 47?
42
Calculate the remainder when 424504 is divided by 22342.
6
What is the remainder when 21744 is divided by 146?
136
Calculate the remainder when 4931 is divided by 447.
14
Calculate the remainder when 45791 is divided by 52.
31
What is the remainder when 497 is divided by 338?
159
Calculate the remainder when 41135 is divided by 428.
47
Calculate the remainder when 10835 is divided by 21.
20
Calculate the remainder when 2037 is divided by 219.
66
What is the remainder when 87597 is divided by 15?
12
What is the remainder when 48647 is divided by 56?
39
What is the remainder when 78750 is divided by 46?
44
Calculate the remainder when 17761 is divided by 3536.
81
What is the remainder when 129570 is divided by 17?
13
Calculate the remainder when 95428 is divided by 47.
18
Calculate the remainder when 12530 is divided by 162.
56
Calculate the remainder when 1815 is divided by 33.
0
Calculate the remainder when 101930 is divided by 910.
10
Calculate the remainder when 113282 is divided by 38.
4
What is the remainder when 11423 is divided by 55?
38
What is the remainder when 3824 is divided by 226?
208
What is the remainder when 994243 is divided by 214?
213
Calculate the remainder when 32473 is divided by 102.
37
Calculate the remainder when 251983 is divided by 16.
15
What is the remainder when 413 is divided by 75?
38
What is the remainder when 52990 is divided by 32?
30
What is the remainder when 27808 is 